test common divisor of 8 and i?
4
Let r = 3481 + -3289. What is the highest common factor of 1984 and r?
64
Let u(o) = 18*o**2 - 5*o + 25. Let f be u(2). What is the greatest common factor of f and 4263?
87
Suppose 5*x + 3*m = 697, 0 = 2*x + 4*m + m - 275. Suppose -x = -9*a + 22. Suppose 0*f - 135 = -3*f. Calculate the highest common factor of f and a.
9
Let j be (-1)/3 + (((-67760)/33)/(-16) - 0). What is the greatest common divisor of j and 4336?
16
Let k(a) = 2*a + 7 - 4*a + 4*a. Let b be k(-3). Let o = 12 - b. Calculate the highest common factor of o and 77.
11
Suppose -45*v + 49*v = -x + 172, -4*v + 176 = 2*x. Let q(s) = 5*s**3 + s**2. Let t be q(1). What is the greatest common divisor of t and v?
6
Let j be 92/(-920) - ((-148)/5 - 3/6). What is the highest common divisor of j and 12870?
30
Let y(f) = -f**3 - 42*f**2 + 50*f + 389. Let p be y(-43). Calculate the greatest common divisor of 913 and p.
11
Let x = -10936 - -11752. Calculate the greatest common factor of 216 and x.
24
Let g(h) = h**3 - 8*h**2 + 2*h. Let v be g(8). Let p = -96102 - -97654. What is the highest common divisor of v and p?
16
Suppose 4*b - 197 - 1771 = 0. Suppose d - 5*h + 1 = 0, 0 = -25198*d + 25196*d + 2*h + 38. Calculate the greatest common factor of b and d.
12
Let c(h) = 2*h**2 + 6*h - 2. Let n(x) = -x - 28. Let k be n(-21). Let m be c(k). Let q = 41 - 32. What is the greatest common divisor of q and m?
9
Let a(v) = -2*v**2 - 51*v - 50. Let b = 387 - 411. Let k be a(b). Calculate the highest common divisor of 506 and k.
22
Suppose -4486*l = -4510*l + 984. Suppose 234 + 1098 = 2*o - 4*c, -o = 4*c - 636. Calculate the highest common factor of o and l.
41
Let l(z) = -221*z - 229*z + 442*z - 28. Let n be l(-7). What is the greatest common divisor of n and 154?
14
Let m = -19 - -116. Suppose -77 = -6*z + m. Calculate the greatest common divisor of 29 and z.
29
Let b be (-5)/((0 - 5) + 4). Let d be b/(90/(-9)) + 481/2. What is the greatest common factor of 5 and d?
5
Suppose 5 = 3*j - 1. Suppose -j*v = -5*y + 58, 0 = -2*y + v - 4*v + 8. Let s(q) = q + 8. Let o be s(2). Calculate the greatest common factor of o and y.
10
Let v be (-21 - -20)/(-2*(-1)/(-8)). Suppose 0 = -5*w + 11 - 1. Suppose g = 3*x - v, -5*g - 2*x - w*x + 18 = 0. Calculate the highest common factor of g and 8.
2
Suppose -5*b + 34 = -t - 539, 0 = 3*b - t - 345. Calculate the greatest common divisor of 1216 and b.
38
Suppose 3*s - i + 22 - 339 = 0, 3*s - 322 = 2*i. What is the greatest common factor of s and 13?
13
Let h(u) be the third derivative of 1/20*u**5 + 1/3*u**3 + 0*u + 22*u**2 + 3/8*u**4 + 0. Let a be h(-4). What is the greatest common factor of a and 126?
14
Let g(s) = -86 + 85 - s + 0*s. Let m be g(2). Let p be (m/63)/(2/(-12))*7. What is the highest common factor of 22 and p?
2
Let y be (3/(-60))/((-2)/236268) + 18/60. What is the highest common factor of y and 33?
33
Suppose 0 = 164*f + 163 - 983. Let r = 87 + -22. Calculate the greatest common divisor of f and r.
5
Suppose 2*n = 2*j - 76, -j - 8*n - 27 = -47. Calculate the highest common divisor of 292 and j.
4
Let f = -3430 + 4082. Calculate the greatest common factor of 12 and f.
4
Suppose -2*u + 235 = 3*f - 295, 2*u + 4*f - 534 = 0. What is the highest common factor of 91 and u?
7
Let n = 516 + -514. Suppose d - 5 = -0. Suppose 4*q = -4*p + 44, -d*q - n*p + 40 = -q. Calculate the highest common divisor of 99 and q.
9
Let l(a) = -3*a**3 + 12*a**2 + 134*a + 381. Let d be l(-3). Let n(t) = t**2 + 4*t + 6. Let v be n(-4). Calculate the highest common factor of d and v.
6
Suppose 0 = -2*u + 4 - 10, 3*h = 3*u + 18. Suppose 6*l = l - 3*j + 2471, -4*j = -h*l + 1500. What is the highest common divisor of l and 62?
62
Let p be (106/(-8))/(30/120). Let g be (-517)/3 + 2/(-15)*5. Let k = p - g. Calculate the highest common divisor of k and 30.
30
Let b be 4/(-4*(6/(-24) - 0)). Suppose 5*c + 0*h = -5*h + 3380, 0 = b*h - 20. What is the greatest common factor of c and 11?
11
Suppose 6*n - 61 = 17. Suppose -n = 3*z - 13. Suppose z = 9*c + 3*c - 264. Calculate the highest common factor of 77 and c.
11
Let g = 516 - 737. Let q be (-34)/g - (-193)/13. Suppose -12*r + 30 = -9*r. What is the highest common divisor of q and r?
5
Let p(k) = -2*k**2 + 9*k - 22. Let r be p(2). Let z be (-2)/8 + (5 - 1995/r). Calculate the greatest common factor of z and 19.
19
Let o be ((-374)/22 - 1735)*(-30)/9. Calculate the greatest common divisor of 438 and o.
146
Let z = 20872 + -20336. What is the greatest common factor of 6298 and z?
134
Let w = -1252 - -1308. Calculate the greatest common factor of w and 6.
2
Suppose 0 = 4*r + 6*r + 80, -3*h + r = -3*r - 152. Let a = 881 + -521. What is the greatest common factor of h and a?
40
Let i = -20983 + 21060. What is the highest common divisor of 119 and i?
7
Let w(f) = 14*f**2 + 4*f - 3. Let t be w(3). Let x(b) = 2*b**3 + 792*b**2 + 51030*b + 360. Let j be x(-315). Calculate the greatest common divisor of t and j.
45
Let h = -14967 - -15106. Calculate the greatest common divisor of h and 17792.
139
Let m(b) = b**3 + 9*b**2 + 8*b + 12. Let n be m(-9). Let r be (15/4 - 15/n) + 32. What is the greatest common divisor of r and 9?
9
Let c = -1 + 13. Let f(w) = -35*w - 163. Let y be f(-20). Suppose -q + 233 + 28 = 2*d, -4*d = -3*q - y. What is the greatest common factor of c and d?
12
Let l = 1939 - 1843. What is the greatest common factor of 2816 and l?
32
Let x = -213 + 217. Suppose x = k - 2*b + 7*b, 2*k + 4*b = 8. Calculate the highest common factor of 10 and k.
2
Let i(r) = -r**3 - 9*r**2 + 26*r + 359. Let o be i(-8). Calculate the greatest common divisor of 24360 and o.
87
Let x be ((-55)/25)/((16/50)/(-8)). Let d be (0/2 + 33)*1. What is the highest common divisor of x and d?
11
Let d(f) be the second derivative of 15*f**3/2 - 13*f**2/2 - 14*f - 4. Let y be d(1). What is the greatest common factor of 144 and y?
16
Suppose 3*s + 6 = -j, -j + 2*s + 6 = -3. Suppose -203 = j*r - 10*r. Calculate the highest common factor of r and 29.
29
Let v(s) = -33*s - 286. Let w be v(-22). What is the highest common divisor of w and 16?
8
Suppose -65 = 15*s - 1220. What is the greatest common factor of 121 and s?
11
Suppose 0 = 4*j - 2*d - 444, 0 = -4*j - 2*d - 0*d + 452. Suppose 6*a + 17 + 49 = 0. Let w be a/(-4 - -3) - -3. What is the highest common divisor of j and w?
14
Let z(l) = 12*l**2 - 18*l + 17. Let n be z(1). Calculate the highest common factor of 77 and n.
11
Suppose 19347 = 49*c - 11915. Calculate the greatest common divisor of c and 87.
29
Let j(g) = 16*g + 732. Let p be j(-39). What is the highest common divisor of 1548 and p?
36
Suppose 52*i = 53*i - 693. Let w = -1709 + 1772. Calculate the highest common divisor of w and i.
63
Suppose -163*i - 25*i + 2213700 = 0. What is the highest common factor of 30 and i?
15
Suppose 2*q + 2631 = 3*b - 7773, -17*b = -2*q - 59012. Calculate the highest common divisor of b and 112.
112
Let x(v) be the first derivative of 17*v**2 - 21*v + 133. Let k be x(1). Calculate the highest common factor of k and 117.
13
Let r be (-3)/((-6)/(-10)*-1). Let y be r - 255/(-5) - 5. Calculate the greatest common factor of y and 255.
51
Suppose 2 = x, -13*j + 15*j = 2*x + 156. Let r(n) = 38*n - 10. Let h be r(6). Let s = -98 + h. What is the greatest common factor of j and s?
40
Suppose -12 = -2*l + 6*l, -l = -5*i + 33. Let c be (-42)/(-18)*i*2. Calculate the greatest common divisor of 42 and c.
14
Let x = 183 + -181. Suppose 3*p + 76 = 2*u, -3*u - u - x*p + 168 = 0. Calculate the greatest common factor of u and 82.
41
Suppose -4*f + 4918 = -3842. Calculate the highest common divisor of f and 1168.
146
Let u be 4 + 48/(-10) - 56/5. Let a be (u/8 + 4)/((-1)/(-2)). What is the greatest common factor of 3 and a?
1
Let b = -91 - -93. Let q be 52 + (b/2 - 5) + 1. Suppose -18 = q*x - 50*x. What is the greatest common divisor of 45 and x?
9
Let y be ((-91)/520*10)/(2/(-200)). What is the greatest common factor of 50 and y?
25
Suppose -3*f - 957 + 960 = 0. Let r(w) = -2*w - 8. Let y be r(-9). Let m = 15 - y. Calculate the highest common factor of m and f.
1
Suppose -78 + 43 = -7*a. Suppose -j - 3*j - 2*t + 20 = 0, 5*t - 30 = -a*j. Calculate the greatest common factor of j and 5.
1
Let i(j) = 9*j - 59. Let m be